 12, what is 254125 + -7?
25411a
In base 14, what is -38 - -3d44a2?
3d4468
In base 11, what is 3a199 - -3a01?
4309a
In base 8, what is -30 + 120462571?
120462541
In base 14, what is 1db + -123?
b8
In base 13, what is -1ba - b1c21?
-b210b
In base 15, what is 5a8 - -419?
9c2
In base 10, what is -228 + -10962?
-11190
In base 7, what is -5 + 34601413?
34601405
In base 7, what is -5 + 1350101214?
1350101206
In base 12, what is 674607aa - -2?
674607b0
In base 16, what is 346f3597 - 4?
346f3593
In base 5, what is 114443141 - -42?
114443233
In base 2, what is -11100 - -1001000110010010111?
1001000110001111011
In base 6, what is 1 - -145150441?
145150442
In base 14, what is 2a9778 - -42?
2a97ba
In base 15, what is -b952 - -a2?
-b8a0
In base 15, what is -79 - -52a0d?
52984
In base 16, what is 3 - 20b0524?
-20b0521
In base 9, what is -1355 - -15105?
13640
In base 5, what is -1331121410 + -12?
-1331121422
In base 16, what is -26 + 18739?
18713
In base 8, what is -1 - -664037670?
664037667
In base 14, what is 1d10 + 3b2d?
5a3d
In base 2, what is -101 - -1110111100001110101101100?
1110111100001110101100111
In base 11, what is 3440 + 186346?
189786
In base 4, what is 113321 - 212320?
-32333
In base 10, what is -269 + 1503329?
1503060
In base 14, what is 1c - dc7bd?
-dc7a1
In base 11, what is 84 - -4a75708?
4a75791
In base 6, what is 22144202123 + 3?
22144202130
In base 14, what is -d9990071 - 1?
-d9990072
In base 10, what is 36 - -23839?
23875
In base 2, what is 1011 - 1110111010001001101111?
-1110111010001001100100
In base 13, what is -6032ac - 12?
-6032c1
In base 10, what is -6418 + -727?
-7145
In base 8, what is -1365 + -210701?
-212266
In base 5, what is -24 + -13241222?
-13241301
In base 13, what is -819a9 + 4ab?
-814cb
In base 16, what is 1c8a4 - -410?
1ccb4
In base 4, what is -11012112211 - 12?
-11012112223
In base 10, what is -1380 - -2444?
1064
In base 12, what is -1bba + -a456?
-10454
In base 9, what is -216240 + 2271?
-213858
In base 11, what is -2 + -471307?
-471309
In base 3, what is 11012010 - 10110102211?
-10022020201
In base 6, what is 10 - -242052000?
242052010
In base 4, what is 3101122211121 + -3?
3101122211112
In base 12, what is b735035 - 1?
b735034
In base 16, what is 354 + -1e0cc1?
-1e096d
In base 4, what is 313233133100 - 0?
313233133100
In base 14, what is -1d61 - -1335?
-a2a
In base 5, what is -1 - -10322242033?
10322242032
In base 16, what is 5 - -6c38cb3?
6c38cb8
In base 15, what is -64ae - -308?
-61a6
In base 4, what is -3 + -13130131212120?
-13130131212123
In base 10, what is -14 - 3422453?
-3422467
In base 16, what is -b + -1123d2?
-1123dd
In base 16, what is -7 - 27a918?
-27a91f
In base 13, what is 1 - -166344c7?
166344c8
In base 16, what is 2 + 26493d?
26493f
In base 2, what is 10111010011100111 + 110001?
10111010100011000
In base 15, what is 1 - -e041e85?
e041e86
In base 6, what is -2 - 120130414001?
-120130414003
In base 11, what is 230500 - 1?
2304aa
In base 4, what is -110133 - 1130211?
-1301010
In base 15, what is -11ec + 20689?
1e48c
In base 12, what is 27a4068 - 2?
27a4066
In base 4, what is 201220103 - -131?
201220300
In base 13, what is -856580c + 0?
-856580c
In base 12, what is -20a32 - -171?
-20881
In base 10, what is 2727 + -1909?
818
In base 7, what is 1516 - -216053?
220602
In base 13, what is 5 + -79c338?
-79c333
In base 7, what is -30010464 - -6?
-30010455
In base 8, what is -3 + 253337466?
253337463
In base 8, what is 72 + -6424715?
-6424623
In base 14, what is 20a959c - 4?
20a9598
In base 10, what is -276380 + 2030?
-274350
In base 10, what is 50777 + 15821?
66598
In base 8, what is -1 + -10401202?
-10401203
In base 11, what is -10a5 + -295160?
-296255
In base 3, what is 1011112120 + -2201110?
1001211010
In base 3, what is 111 + -1102000020101100?
-1102000020100212
In base 8, what is -41535174 - 4?
-41535200
In base 7, what is -14220560 + -2?
-14220562
In base 5, what is 3321422134 - -113?
3321422302
In base 12, what is 6 - 2301600?
-23015b6
In base 9, what is 8006081 - -5?
8006086
In base 3, what is -2121 + -100112111?
-100122002
In base 8, what is -2177372537 - -5?
-2177372532
In base 3, what is 2122000120 + -2121?
2121220222
In base 11, what is 2 + 13307817a?
133078181
In base 4, what is 23 + 1102133133121?
1102133133210
In base 11, what is -438392818 + -2?
-43839281a
In base 2, what is 1011111100001110 + -111000110?
1011110101001000
In base 11, what is 38025 - -103?
38128
In base 4, what is -131333101023 + 10?
-131333101013
In base 10, what is -10879 - -436?
-10443
In base 4, what is -23232 + 30203233?
30120001
In base 3, what is -20000112202020211 - 101?
-20000112202021012
In base 13, what is -500a + -2211?
-721b
In base 13, what is 14431b41 - -5?
14431b46
In base 6, what is -1451331332 + -2?
-1451331334
In base 3, what is 20121011122101120112 + -10?
20121011122101120102
In base 7, what is 1115 - 110563?
-106445
In base 16, what is 0 - -5ec514a?
5ec514a
In base 8, what is -7726 + -3457?
-13405
In base 8, what is -203 + 14744?
14541
In base 13, what is -b4c961a + a?
-b4c9610
In base 9, what is -34158157 - 0?
-34158157
In base 3, what is -21 + -110121112211200?
-110121112211221
In base 13, what is 16 + -986984?
-98696b
In base 14, what is -27cd3ba - 4?
-27cd3c0
In base 3, what is -1112200100210201 + 1?
-1112200100210200
In base 4, what is -2011 - -30113320300?
30113312223
In base 3, what is -1012120101 + 100?
-1012120001
In base 7, what is 2233041210 + -4?
2233041203
In base 4, what is -13223 - -111233131?
111213302
In base 9, what is 1375 + -462467?
-461082
In base 13, what is -1633484 + -b?
-1633492
In base 7, what is 51050 - -1155?
52235
In base 4, what is 120031330113202 + -1?
120031330113201
In base 5, what is -10223442 + -32?
-10224024
In base 14, what is 7472 - 64?
740c
In base 10, what is 1 - -3682736?
3682737
In base 10, what is 12854 - -46702?
59556
In base 2, what is 10 + -101001010010111001010000?
-101001010010111001001110
In base 2, what is 100001110110010101001 + 11?
100001110110010101100
In base 10, what is -538133922 + 5?
-538133917
In base 6, what is 3554524 - 1521?
3553003
In base 9, what is -251 + -246284?
-246545
In base 11, what is 257a + 15a64?
18533
In base 2, what is -1110010101101101101101111 + -101?
-1110010101101101101110100
In base 5, what is -4 + 3003311444?
3003311440
In base 6, what is 20214540220 - -1?
20214540221
In base 14, what is 45 + 269d18?
269d5d
In base 9, what is 7283428 + -3?
7283425
In base 9, what is 325 - -352073?
352408
In base 15, what is -e3366 - 54?
-e33ba
In base 15, what is -50b + 67a7?
629b
In base 16, what is 17 - a8de1?
-a8dca
In base 7, what is 1214446242 + -3?
1214446236
In base 12, what is -20 - 58506?
-58526
In base 10, what is -1121 - 7542?
-8663
In base 12, what is -1b9075ba - -17?
-1b9075a3
In base 10, what is 20 + -1178048?
-1178028
In base 10, what is -29428 + -1688?
-31116
In base 9, what is 134 + -11540?
-11405
In base 2, what is -11010110001101110 - 101001100001?
-11011011011001111
In base 7, what is 60264 + -663543?
-603246
In base 10, what is -31 + -9571015?
-9571046
In base 15, what is -213b - -7069?
4e2d
In base 2, what is -1100100101110111101101100010 - 1?
-1100100101110111101101100011
In base 9, what is 4 + -140085784?
-140085780
In base 8, what is -775517 + -1017?
-776536
In base 5, what is -2221 + 20320243?
20313022
In base 8, what is -2 + -1560072?
-1560074
In base 2, what is -10111011 - 10001010111000?
-10001101110011
In base 12, what is 184b05 + -8?
184ab9
In base 11, what is -2a28640 - 5?
-2a28645
In base 2, what is -11000001101101111110100110 - -100?
-11000001101101111110100010
In base 15, what is -138 + -3b308?
-3b441
In base 6, what is 2 + 4350502121?
4350502123
In base 7, what is -50 - -23265361?
23265311
In base 6, what is 2012434504 - -10?
2012434514
In base 2, what is -10111100011010 - -1000010010001?
-1111010001001
In base 12, what is -2 - b572a2b?
-b572a31
In base 4, what is 230223312210 + 2?
230223312212
In base 13, what is 4 + 63464ca?
6346501
In base 8, what is -5 + -14545720?
-14545725
In base 10, what is -14738488 - -10?
-14738478
In base 8, what is -43566734 - -42?
-43566672
In base 13, what is -1a976 - c9a?
-1b943
In base 13, what is -10 + 46a585?
46a575
In base 2, what is 1000 + 10010011101110101010?
100100